Let v be q(6). Suppose -5*a - 2*i = 32, 5*i = 4*i - 1. Let u = a - v. What is the highest common factor of u and 4?
1
Let i be -2 + (-5)/(10/(-6)). Let x be (-2 - -3) + i - 0. Let p(z) = 11*z - 10. Let r be p(1). What is the greatest common factor of r and x?
1
Let z = -2 - -7. Suppose -5*a + 25 = z*d, -4*d + 3 = -7*d. Let u = 72 - 54. What is the highest common divisor of a and u?
6
Let u = 127 - 109. Suppose u = 6*x - 66. Calculate the highest common factor of x and 252.
14
Suppose 39*z = 192 + 159. Let k(b) = 2*b + 4. Let l be k(-7). Let c be (-2)/(0 + 2) - l. Calculate the greatest common divisor of z and c.
9
Let p = 811 + -552. Suppose 5*l - 5*n = 265, n + 2*n + p = 5*l. What is the greatest common divisor of 20 and l?
10
Let j = -31 + 41. Let k = j + -9. What is the highest common divisor of 3 and k?
1
Suppose 0*o + 3*o + 6 = 0, 4*f - 2*o = 3756. What is the highest common divisor of 14 and f?
14
Suppose 2*x - 17 = 47. Suppose -w + 2*w = x. What is the highest common divisor of 8 and w?
8
Let i = -16 - -19. Suppose b - 138 = -2*t, 0*t - 344 = -5*t - i*b. Suppose -t = -3*r - f, 2*f + 40 = 2*r + f. What is the greatest common divisor of 44 and r?
22
Suppose -3*w - w + 20 = 0, -4*r + 5*w - 5401 = 0. Let j be 1/5 + r/(-105). Calculate the greatest common divisor of 39 and j.
13
Suppose 0 = 53*o - 705 + 16. What is the highest common factor of 1352 and o?
13
Let v = 1126 - 631. What is the highest common divisor of 22 and v?
11
Let d be 330/(-77) + 2/7. Let o be 15*d/(-12)*7. Calculate the greatest common divisor of 14 and o.
7
Suppose 3*n + 6 = 0, 2*l + 2*l = 5*n + 30. Suppose 5*b - l = 0, 2*g - b = b. Let t be (-14 + 9)*(0 - g). What is the highest common divisor of t and 45?
5
Let y = -6 + 12. Let b be ((-4)/(-3))/(4/y). What is the highest common divisor of 4 and b?
2
Let x be -28*((-15)/(-6) - 3). Let w(z) = -z**2 + 11*z - 9. Let d be w(8). Let b be (-2 + -1)/(d/(-10)). What is the highest common factor of b and x?
2
Let j(p) = -p + 10. Let m be j(7). Let v be m/(-21) + 156/14. What is the highest common divisor of v and 11?
11
Let v(q) = -8*q - 16. Let m be (2 - 8/3)/((-2)/(-15)). Let n be v(m). What is the greatest common divisor of 120 and n?
24
Let j(a) = -a**2 - 47*a - 288. Let f be j(-38). Calculate the greatest common factor of f and 306.
18
Let z(c) be the first derivative of -c**2 + 4*c + 3. Let h be z(-3). Let i be (-8)/(-5) + (-4)/(-10). Calculate the highest common factor of h and i.
2
Suppose 0 = 3*p - 1518 + 231. What is the greatest common divisor of p and 33?
33
Suppose -c + 77 = 10*c. What is the highest common divisor of 147 and c?
7
Let r = -40 + 66. Let q = 431 - 223. Calculate the greatest common divisor of r and q.
26
Let u(b) = 3*b + 2. Let m be u(6). Let d = -6 + m. What is the greatest common factor of 154 and d?
14
Suppose -5*q + 25 + 50 = 3*s, 3*q = s + 59. Calculate the highest common factor of q and 30.
6
Suppose -h = 4*h - 30. Let d be ((-30)/h - -4)/((-1)/54). Calculate the greatest common divisor of d and 12.
6
Let s be ((-495)/(-4))/(-9*(-4)/192). Calculate the greatest common divisor of s and 120.
60
Let m be (1 + (-46)/6)/((-2)/3). Calculate the greatest common divisor of 310 and m.
10
Let u = -1209 + 1379. Suppose -32 = -2*q + 2. What is the greatest common factor of u and q?
17
Let o be (-7)/(-21) + (-5)/(-3). Suppose -o*s + 80 = 6*s. Calculate the highest common divisor of s and 10.
10
Let d(q) = 2*q**2 - 8*q - 143. Let y be d(-9). What is the highest common divisor of 273 and y?
91
Let h(v) = 349*v**2 + 18*v - 40. Let i be h(2). What is the greatest common divisor of i and 16?
16
Suppose 362 = 5*a - 3*n - 3220, 4*a - 5*n - 2876 = 0. What is the highest common divisor of 204 and a?
102
Suppose -r + 16 = 3*n - 2*r, 24 = 5*n + r. Suppose -5 = 2*o - 3*o. What is the greatest common factor of o and n?
5
Let s(p) be the first derivative of -17*p**4/2 + p**3/3 - p + 17. Let c be s(-1). What is the greatest common divisor of c and 102?
34
Let u = -61 + 961. Calculate the greatest common divisor of 9 and u.
9
Suppose -3*b - 10 = -28. Suppose 2*k = -b + 24. Suppose k*t = 10*t - 198. What is the greatest common divisor of 18 and t?
18
Let h(f) = 7*f + 6 - 15*f - f + 0*f**2 - f**2. Let b be h(-6). Calculate the greatest common divisor of b and 12.
12
Let y(s) = -6*s + 4. Let o be y(3). Let v = -11 - o. Suppose 0 = 2*f - 5*z - 31 - 10, -5*f + v*z + 93 = 0. Calculate the greatest common divisor of 12 and f.
6
Let x be 45/(-4) - 2/(-8). Let g(d) = -d**2 - 11*d + 12. Let h be g(x). Calculate the greatest common factor of h and 60.
12
Suppose 6*q - 23 = 1. Suppose -q*h = -4 - 4. Let s be 1/((-3)/18*-2). Calculate the greatest common divisor of s and h.
1
Let r = -261 - -35. Let j = -28 - r. Calculate the greatest common factor of 22 and j.
22
Let d be (7 + -8)/(1/(-3)). Let z be 20 - -5 - d*-1. Suppose 4*w + z - 244 = 0. Calculate the greatest common factor of w and 6.
6
Suppose -4*j + 641 = 25. Suppose -2*r + 87 = 3*g, g + g - j = -4*r. Calculate the greatest common factor of r and 12.
12
Let u(w) = 2*w**2 - 2. Let m be u(8). Let v be (-8)/6*m/(-4). Let o = v + -18. Calculate the highest common divisor of 24 and o.
24
Let d(r) = 3*r**3 + r. Let n be d(1). Let t be (-14 + 8)*1/2 - -81. Suppose -7*a = -n*a - t. What is the greatest common divisor of 78 and a?
26
Suppose 0 = 45*y - 60*y + 600. Calculate the greatest common factor of 44 and y.
4
Suppose 0 = 2*d - 249 - 35. Let l = d - 100. Calculate the highest common factor of l and 14.
14
Let j(h) = h**3 - 3*h**2 + 5*h - 6. Let r be (-1 - -2)/((-1)/(-4)). Let p be j(r). Suppose -3*g + 6*g = p. What is the highest common divisor of 110 and g?
10
Suppose 3*g + 114 = -10*y + 13*y, 4*g = -2*y + 64. What is the greatest common factor of y and 16?
4
Let q = -37 - -72. Let d = 21 + q. Calculate the highest common divisor of d and 2.
2
Suppose 72 = 16*k - 8*k. What is the greatest common factor of k and 963?
9
Suppose 5*b + 3 = 6*b. Suppose -l = 0, b*w + 5*l - 76 = 35. Suppose -91 - w = -2*g. What is the highest common factor of g and 8?
8
Let y be ((-2)/1 + 1)*7. Let g be ((-30)/21 + 0)*y. Let c = 104 + -64. Calculate the greatest common divisor of g and c.
10
Let s = -318 + 336. Calculate the greatest common factor of s and 315.
9
Let s(n) = -2*n**2 - 11*n - 2. Let i be s(-4). Suppose 4*w - 35 = 5*u - 5, -3*w + 4*u = -23. Let o = w + i. Calculate the highest common factor of 45 and o.
15
Let u = 109 + -41. Let o be u + -2 + 3 + 3. What is the highest common divisor of o and 9?
9
Let h be 86 + 47/9 + (-2)/9. Calculate the highest common factor of 26 and h.
13
Let a(l) = 4*l**2 - 16*l + 52. Let k be a(7). What is the highest common divisor of 20 and k?
4
Suppose -9*s = -25*s + 1040. Calculate the highest common divisor of 130 and s.
65
Let g = -2 - -16. Let h = -178 + 180. Calculate the greatest common factor of g and h.
2
Suppose -16*r = -23*r + 455. Suppose 5*w - 145 = -15. Calculate the greatest common divisor of w and r.
13
Let w(o) = -77*o - 403. Let i be w(-9). What is the greatest common divisor of i and 40?
10
Suppose -26 = -l + 3*p, -l + p = 2*l - 62. Let v(r) = 20*r - 20. Let t be v(10). What is the greatest common factor of l and t?
20
Suppose 0 = -32*x + 27*x + 70. Suppose -v = -3*v + 16. Suppose r - 13 - v = 0. Calculate the highest common factor of r and x.
7
Suppose -4*r - 31 = 5*d - 0*d, -r - 13 = 3*d. Let g be (56/20)/(r/(-10)). Suppose 2*t - 53 - 87 = 0. Calculate the highest common factor of t and g.
7
Let b be 11/(198/15)*78. Calculate the highest common factor of 5 and b.
5
Let r be (-130)/(-6) - (5 - (-128)/(-24)). Let j = r + -15. What is the greatest common factor of j and 49?
7
Suppose 14*t = 16*t - 4. What is the greatest common divisor of t and 56?
2
Let z(f) = 58*f - 36. Let n be z(2). Calculate the greatest common divisor of n and 16.
16
Let b(s) = -6*s - 58. Let y be b(9). Let l = -102 - y. What is the highest common factor of 130 and l?
10
Suppose 38 + 272 = 10*v. Calculate the greatest common divisor of v and 217.
31
Let y be 25/(-5) + 1*(-4 - -313). What is the highest common factor of y and 19?
19
Suppose 4*r + 5*a = 2472, 5*r + 5*a - 4*a - 3111 = 0. Calculate the greatest common divisor of 89 and r.
89
Let l = -17 - -21. Suppose -l*w 